{"id":25,"date":"2023-04-29T13:43:34","date_gmt":"2023-04-29T13:43:34","guid":{"rendered":"https:\/\/shiatsu-meissen.de\/?page_id=25"},"modified":"2023-04-29T14:56:42","modified_gmt":"2023-04-29T14:56:42","slug":"fuer-wen-ist-shendo-shiatsu-geeignet","status":"publish","type":"page","link":"https:\/\/shiatsu-meissen.de\/?page_id=25","title":{"rendered":"F\u00fcr wen ist ShenDo Shiatsu geeignet?"},"content":{"rendered":"\n<blockquote class=\"wp-block-quote\">\n<p>Die gr\u00f6\u00dfte Kraft von Shiatsu liegt darin, dass \u00fcberhaupt keine Beschwerden entstehen.<\/p>\n<cite>Mike Mandl<\/cite><\/blockquote>\n\n\n\n<p><\/p>\n\n\n\n<p>Ziel von ShenDo Shiatsu ist es, die blockierte Energie wieder ins Flie\u00dfen zu bringen, die Selbstheilungskr\u00e4fte zu aktivieren und Erkrankungen vorzubeugen.<\/p>\n\n\n\n<p>Somit ist es f\u00fcr Menschen geeignet, die ihre Gesundheit in die eigene Hand nehmen wollen, ihrem K\u00f6rper und ihrer Seele etwas Gutes tun wollen. Aber auch f\u00fcr Menschen, die sich gestresst, angespannt, \u00fcberlastet, ersch\u00f6pft f\u00fchlen. Die nicht in ihrer Mitte sind und Schmerzen haben. Ebenso kann ShenDo Shiatsu unterst\u00fctzend und begleitend sein in Umbruchsphasen und Zeiten der Neuorientierung.<\/p>\n\n\n\n<p>ShenDo Shiatsu ist geeignet f\u00fcr Menschen jeden Alters.<\/p>\n\n\n\n<blockquote class=\"wp-block-quote\">\n<p><\/p>\n<\/blockquote>\n","protected":false},"excerpt":{"rendered":"<p>Die gr\u00f6\u00dfte Kraft von Shiatsu liegt darin, dass \u00fcberhaupt keine Beschwerden entstehen. Mike Mandl Ziel von ShenDo Shiatsu ist es, die blockierte Energie wieder ins Flie\u00dfen zu bringen, die Selbstheilungskr\u00e4fte zu aktivieren und Erkrankungen vorzubeugen. Somit ist es f\u00fcr Menschen geeignet, die ihre Gesundheit in die eigene Hand nehmen wollen, ihrem K\u00f6rper und ihrer Seele &hellip; <\/p>\n<p class=\"link-more\"><a href=\"https:\/\/shiatsu-meissen.de\/?page_id=25\" class=\"more-link\"><span class=\"screen-reader-text\">\u201eF\u00fcr wen ist ShenDo Shiatsu geeignet?\u201c<\/span> weiterlesen<\/a><\/p>\n","protected":false},"author":1,"featured_media":0,"parent":0,"menu_order":0,"comment_status":"closed","ping_status":"closed","template":"","meta":[],"_links":{"self":[{"href":"https:\/\/shiatsu-meissen.de\/index.php?rest_route=\/wp\/v2\/pages\/25"}],"collection":[{"href":"https:\/\/shiatsu-meissen.de\/index.php?rest_route=\/wp\/v2\/pages"}],"about":[{"href":"https:\/\/shiatsu-meissen.de\/index.php?rest_route=\/wp\/v2\/types\/page"}],"author":[{"embeddable":true,"href":"https:\/\/shiatsu-meissen.de\/index.php?rest_route=\/wp\/v2\/users\/1"}],"replies":[{"embeddable":true,"href":"https:\/\/shiatsu-meissen.de\/index.php?rest_route=%2Fwp%2Fv2%2Fcomments&post=25"}],"version-history":[{"count":3,"href":"https:\/\/shiatsu-meissen.de\/index.php?rest_route=\/wp\/v2\/pages\/25\/revisions"}],"predecessor-version":[{"id":80,"href":"https:\/\/shiatsu-meissen.de\/index.php?rest_route=\/wp\/v2\/pages\/25\/revisions\/80"}],"wp:attachment":[{"href":"https:\/\/shiatsu-meissen.de\/index.php?rest_route=%2Fwp%2Fv2%2Fmedia&parent=25"}],"curies":[{"name":"wp","href":"https:\/\/api.w.org\/{rel}","templated":true}]}}